{"id":1316,"date":"2017-10-16T04:10:26","date_gmt":"2017-10-16T07:10:26","guid":{"rendered":"http:\/\/ninzio.com\/agrikole\/?page_id=1316"},"modified":"2020-10-26T10:59:35","modified_gmt":"2020-10-26T13:59:35","slug":"nosotros","status":"publish","type":"page","link":"https:\/\/www.reddelvino.com\/es\/nosotros\/","title":{"rendered":"NOSOTROS"},"content":{"rendered":"<div class=\"wpb-content-wrapper\"><p>[vc_row el_class=\u00bboverflow-visible\u00bb][vc_column]\r\n\t<div class=\"agrikole-spacer clearfix\" data-desktop=\"110\" data-mobi=\"60\" data-smobi=\"60\"><\/div>[vc_row_inner][vc_column_inner width=\u00bb1\/2&#8243;]<div class=\"agrikole-headings clearfix \" data-font=70 data-mfont=60 style=\"\"><div class=\"pre-heading clearfix\" style=\"font-weight:600;color:#5b8c51;font-size:14px;letter-spacing:3px;\">\r\n\t\tRED DEL VINO\r\n\t<\/div><h1 class=\"heading clearfix \" style=\"line-height:70px;font-size:70px;\">\r\n\t\tMANTENIENDO LAS<br \/>\nTRADICIONES Y COSTUMBRES<br \/>\nDE LA FAMILIA CAMPESINA\r\n\t<\/h1><\/div>[\/vc_column_inner][vc_column_inner width=\u00bb1\/2&#8243;]\r\n\t<div class=\"agrikole-spacer clearfix\" data-desktop=\"15\" data-mobi=\"15\" data-smobi=\"15\"><\/div>[vc_single_image image=\u00bb14628&#8243; img_size=\u00bblarge\u00bb][\/vc_column_inner][\/vc_row_inner]\r\n\t<div class=\"agrikole-spacer clearfix\" data-desktop=\"55\" data-mobi=\"30\" data-smobi=\"30\"><\/div>[vc_row_inner equal_height=\u00bbyes\u00bb][vc_column_inner][vc_column_text]Red del Vino S.A., es una asociaci\u00f3n privada de peque\u00f1os productores de vino en el Valle de Colchagua, Chile y se form\u00f3 oficialmente en 2004 con un grupo de 19 productores.<\/p>\n<p>La visi\u00f3n de Red del Vino es la promoci\u00f3n, difusi\u00f3n y preservaci\u00f3n de sus tierras y frutos a trav\u00e9s del apoyo y fomento de la participaci\u00f3n activa de las familias campesinas que viven en el Valle de Colchagua.<\/p>\n<p>La misi\u00f3n de Red del Vino es ofrecer productos de alta calidad en el mercado vitivin\u00edcola y al turista mediante el control y estandarizaci\u00f3n de los procesos productivos sin interrumpir las tradiciones y costumbres de las familias rurales del Valle de Colchagua.<\/p>\n<p>En 2007, la asociaci\u00f3n form\u00f3 una alianza estrat\u00e9gica, con la empresa San Nicol\u00e1s Wine y CORFO (programa de desarrollo de proveedores del gobierno) junto con el apoyo de Gesti\u00f3n Agr\u00edcola, lo que permiti\u00f3 a Red del Vino obtener la Certificaci\u00f3n Flo Fair-Trade. Se convirtieron en la primera organizaci\u00f3n de asociaci\u00f3n campesina certificada en la regi\u00f3n.<\/p>\n<p>Esto ha sido posible gracias al esfuerzo de todos, incluido su gerente de operaciones, Rodrigo Valenzuela y el presidente, Gerardo Orellana.[\/vc_column_text]\r\n\t<div class=\"agrikole-spacer clearfix\" data-desktop=\"55\" data-mobi=\"30\" data-smobi=\"30\"><\/div>[\/vc_column_inner][\/vc_row_inner]\r\n\t<div class=\"agrikole-spacer clearfix\" data-desktop=\"120\" data-mobi=\"60\" data-smobi=\"60\"><\/div>[\/vc_column][\/vc_row][vc_row full_width=\u00bbstretch_row\u00bb css=\u00bb.vc_custom_1602272332044{background-image: url(https:\/\/www.reddelvino.com\/en\/wp-content\/uploads\/2020\/10\/footer-shop-section.jpg?id=15081) !important;background-position: center !important;background-repeat: no-repeat !important;background-size: cover !important;}\u00bb][vc_column]\r\n\t<div class=\"agrikole-spacer clearfix\" data-desktop=\"107\" data-mobi=\"60\" data-smobi=\"60\"><\/div><div class=\"agrikole-headings clearfix text-center\" data-font=50 data-mfont=30 style=\"\"><h2 class=\"heading clearfix \" style=\"color:#ffffff;max-width:860px;margin-left: auto; margin-right: auto;line-height:62px;margin-bottom:18px;font-size:50px;\">\r\n\t\tAPOYAR EL COMERCIO JUSTO Y LOS PRODUCTORES LOCALES\r\n\t<\/h2><div class=\"sub-heading clearfix\">\r\n\t\t<h5><span style=\"color: #ffffff;\">VISITA NUESTRA TIENDA DE VINOS EN SANTA CRUZ CHILE<\/span><\/h5>\n\r\n\t<\/div><\/div>\r\n\t<div class=\"agrikole-spacer clearfix\" data-desktop=\"50\" data-mobi=\"40\" data-smobi=\"40\"><\/div><div class=\"agrikole-align-box  mobi-align-center align-center\"><div class=\"button-wrap icon-right\" style=\"\" ><a href=\"https:\/\/www.google.com\/maps\/place\/Red+Del+Vino\/@-34.6321819,-71.3587514,17.79z\/data=!4m5!3m4!1s0x96646535527b4b79:0xa62645e95a50234c!8m2!3d-34.6324173!4d-71.3579788\" target=\"_blank\" class=\"agrikole-button btn-1089733727 medium no_icon accent custom\" style=\"border-radius:5px;\"  data-text=\"#404a3d\" data-text-hover=\"#404a3d\" data-background-hover=\"#ffffff\">\r\n\t\t<span style=\"\">Direcciones <\/span>\r\n\t<\/a><\/div><\/div>\r\n\t<div class=\"agrikole-spacer clearfix\" data-desktop=\"120\" data-mobi=\"60\" data-smobi=\"60\"><\/div>[\/vc_column][\/vc_row]<\/p>\n<\/div>","protected":false},"excerpt":{"rendered":"","protected":false},"author":1,"featured_media":15906,"parent":0,"menu_order":0,"comment_status":"closed","ping_status":"closed","template":"","meta":{"footnotes":""},"class_list":["post-1316","page","type-page","status-publish","has-post-thumbnail","hentry"],"yoast_head":"<!-- This site is optimized with the Yoast SEO plugin v25.6 - https:\/\/yoast.com\/wordpress\/plugins\/seo\/ -->\n<title>NOSOTROS - ReddelVino<\/title>\n<meta name=\"robots\" content=\"index, follow, max-snippet:-1, max-image-preview:large, max-video-preview:-1\" \/>\n<link rel=\"canonical\" href=\"https:\/\/www.reddelvino.com\/es\/nosotros\/\" \/>\n<meta property=\"og:locale\" content=\"es_ES\" \/>\n<meta property=\"og:type\" content=\"article\" \/>\n<meta property=\"og:title\" content=\"NOSOTROS - ReddelVino\" \/>\n<meta property=\"og:url\" content=\"https:\/\/www.reddelvino.com\/es\/nosotros\/\" \/>\n<meta property=\"og:site_name\" content=\"ReddelVino\" \/>\n<meta property=\"article:modified_time\" content=\"2020-10-26T13:59:35+00:00\" \/>\n<meta property=\"og:image\" content=\"https:\/\/www.reddelvino.com\/es\/wp-content\/uploads\/2020\/10\/Red-del-Vino-Fair-Trade-Producers.jpg\" \/>\n\t<meta property=\"og:image:width\" content=\"1200\" \/>\n\t<meta property=\"og:image:height\" content=\"628\" \/>\n\t<meta property=\"og:image:type\" content=\"image\/jpeg\" \/>\n<meta name=\"twitter:card\" content=\"summary_large_image\" \/>\n<meta name=\"twitter:label1\" content=\"Tiempo de lectura\" \/>\n\t<meta name=\"twitter:data1\" content=\"3 minutos\" \/>\n<script type=\"application\/ld+json\" class=\"yoast-schema-graph\">{\"@context\":\"https:\/\/schema.org\",\"@graph\":[{\"@type\":\"WebPage\",\"@id\":\"https:\/\/www.reddelvino.com\/es\/nosotros\/\",\"url\":\"https:\/\/www.reddelvino.com\/es\/nosotros\/\",\"name\":\"NOSOTROS - ReddelVino\",\"isPartOf\":{\"@id\":\"https:\/\/www.reddelvino.com\/es\/#website\"},\"primaryImageOfPage\":{\"@id\":\"https:\/\/www.reddelvino.com\/es\/nosotros\/#primaryimage\"},\"image\":{\"@id\":\"https:\/\/www.reddelvino.com\/es\/nosotros\/#primaryimage\"},\"thumbnailUrl\":\"https:\/\/www.reddelvino.com\/es\/wp-content\/uploads\/2020\/10\/Red-del-Vino-Fair-Trade-Producers.jpg\",\"datePublished\":\"2017-10-16T07:10:26+00:00\",\"dateModified\":\"2020-10-26T13:59:35+00:00\",\"breadcrumb\":{\"@id\":\"https:\/\/www.reddelvino.com\/es\/nosotros\/#breadcrumb\"},\"inLanguage\":\"es\",\"potentialAction\":[{\"@type\":\"ReadAction\",\"target\":[\"https:\/\/www.reddelvino.com\/es\/nosotros\/\"]}]},{\"@type\":\"ImageObject\",\"inLanguage\":\"es\",\"@id\":\"https:\/\/www.reddelvino.com\/es\/nosotros\/#primaryimage\",\"url\":\"https:\/\/www.reddelvino.com\/es\/wp-content\/uploads\/2020\/10\/Red-del-Vino-Fair-Trade-Producers.jpg\",\"contentUrl\":\"https:\/\/www.reddelvino.com\/es\/wp-content\/uploads\/2020\/10\/Red-del-Vino-Fair-Trade-Producers.jpg\",\"width\":1200,\"height\":628,\"caption\":\"Red del Vino Fair Trade Producer\"},{\"@type\":\"BreadcrumbList\",\"@id\":\"https:\/\/www.reddelvino.com\/es\/nosotros\/#breadcrumb\",\"itemListElement\":[{\"@type\":\"ListItem\",\"position\":1,\"name\":\"Home\",\"item\":\"https:\/\/www.reddelvino.com\/es\/\"},{\"@type\":\"ListItem\",\"position\":2,\"name\":\"NOSOTROS\"}]},{\"@type\":\"WebSite\",\"@id\":\"https:\/\/www.reddelvino.com\/es\/#website\",\"url\":\"https:\/\/www.reddelvino.com\/es\/\",\"name\":\"ReddelVino\",\"description\":\"\",\"potentialAction\":[{\"@type\":\"SearchAction\",\"target\":{\"@type\":\"EntryPoint\",\"urlTemplate\":\"https:\/\/www.reddelvino.com\/es\/?s={search_term_string}\"},\"query-input\":{\"@type\":\"PropertyValueSpecification\",\"valueRequired\":true,\"valueName\":\"search_term_string\"}}],\"inLanguage\":\"es\"}]}<\/script>\n<!-- \/ Yoast SEO plugin. -->","yoast_head_json":{"title":"NOSOTROS - ReddelVino","robots":{"index":"index","follow":"follow","max-snippet":"max-snippet:-1","max-image-preview":"max-image-preview:large","max-video-preview":"max-video-preview:-1"},"canonical":"https:\/\/www.reddelvino.com\/es\/nosotros\/","og_locale":"es_ES","og_type":"article","og_title":"NOSOTROS - ReddelVino","og_url":"https:\/\/www.reddelvino.com\/es\/nosotros\/","og_site_name":"ReddelVino","article_modified_time":"2020-10-26T13:59:35+00:00","og_image":[{"width":1200,"height":628,"url":"https:\/\/www.reddelvino.com\/es\/wp-content\/uploads\/2020\/10\/Red-del-Vino-Fair-Trade-Producers.jpg","type":"image\/jpeg"}],"twitter_card":"summary_large_image","twitter_misc":{"Tiempo de lectura":"3 minutos"},"schema":{"@context":"https:\/\/schema.org","@graph":[{"@type":"WebPage","@id":"https:\/\/www.reddelvino.com\/es\/nosotros\/","url":"https:\/\/www.reddelvino.com\/es\/nosotros\/","name":"NOSOTROS - ReddelVino","isPartOf":{"@id":"https:\/\/www.reddelvino.com\/es\/#website"},"primaryImageOfPage":{"@id":"https:\/\/www.reddelvino.com\/es\/nosotros\/#primaryimage"},"image":{"@id":"https:\/\/www.reddelvino.com\/es\/nosotros\/#primaryimage"},"thumbnailUrl":"https:\/\/www.reddelvino.com\/es\/wp-content\/uploads\/2020\/10\/Red-del-Vino-Fair-Trade-Producers.jpg","datePublished":"2017-10-16T07:10:26+00:00","dateModified":"2020-10-26T13:59:35+00:00","breadcrumb":{"@id":"https:\/\/www.reddelvino.com\/es\/nosotros\/#breadcrumb"},"inLanguage":"es","potentialAction":[{"@type":"ReadAction","target":["https:\/\/www.reddelvino.com\/es\/nosotros\/"]}]},{"@type":"ImageObject","inLanguage":"es","@id":"https:\/\/www.reddelvino.com\/es\/nosotros\/#primaryimage","url":"https:\/\/www.reddelvino.com\/es\/wp-content\/uploads\/2020\/10\/Red-del-Vino-Fair-Trade-Producers.jpg","contentUrl":"https:\/\/www.reddelvino.com\/es\/wp-content\/uploads\/2020\/10\/Red-del-Vino-Fair-Trade-Producers.jpg","width":1200,"height":628,"caption":"Red del Vino Fair Trade Producer"},{"@type":"BreadcrumbList","@id":"https:\/\/www.reddelvino.com\/es\/nosotros\/#breadcrumb","itemListElement":[{"@type":"ListItem","position":1,"name":"Home","item":"https:\/\/www.reddelvino.com\/es\/"},{"@type":"ListItem","position":2,"name":"NOSOTROS"}]},{"@type":"WebSite","@id":"https:\/\/www.reddelvino.com\/es\/#website","url":"https:\/\/www.reddelvino.com\/es\/","name":"ReddelVino","description":"","potentialAction":[{"@type":"SearchAction","target":{"@type":"EntryPoint","urlTemplate":"https:\/\/www.reddelvino.com\/es\/?s={search_term_string}"},"query-input":{"@type":"PropertyValueSpecification","valueRequired":true,"valueName":"search_term_string"}}],"inLanguage":"es"}]}},"_links":{"self":[{"href":"https:\/\/www.reddelvino.com\/es\/wp-json\/wp\/v2\/pages\/1316","targetHints":{"allow":["GET"]}}],"collection":[{"href":"https:\/\/www.reddelvino.com\/es\/wp-json\/wp\/v2\/pages"}],"about":[{"href":"https:\/\/www.reddelvino.com\/es\/wp-json\/wp\/v2\/types\/page"}],"author":[{"embeddable":true,"href":"https:\/\/www.reddelvino.com\/es\/wp-json\/wp\/v2\/users\/1"}],"replies":[{"embeddable":true,"href":"https:\/\/www.reddelvino.com\/es\/wp-json\/wp\/v2\/comments?post=1316"}],"version-history":[{"count":4,"href":"https:\/\/www.reddelvino.com\/es\/wp-json\/wp\/v2\/pages\/1316\/revisions"}],"predecessor-version":[{"id":16441,"href":"https:\/\/www.reddelvino.com\/es\/wp-json\/wp\/v2\/pages\/1316\/revisions\/16441"}],"wp:featuredmedia":[{"embeddable":true,"href":"https:\/\/www.reddelvino.com\/es\/wp-json\/wp\/v2\/media\/15906"}],"wp:attachment":[{"href":"https:\/\/www.reddelvino.com\/es\/wp-json\/wp\/v2\/media?parent=1316"}],"curies":[{"name":"wp","href":"https:\/\/api.w.org\/{rel}","templated":true}]}}

<div class="wpb-content-wrapper"><p>[vc_row el_class=»overflow-visible»][vc_column]
	<div class="agrikole-spacer clearfix" data-desktop="110" data-mobi="60" data-smobi="60"></div>[vc_row_inner][vc_column_inner width=»1/2&#8243;]<div class="agrikole-headings clearfix " data-font=70 data-mfont=60 style=""><div class="pre-heading clearfix" style="font-weight:600;color:#5b8c51;font-size:14px;letter-spacing:3px;">
		RED DEL VINO
	</div><h1 class="heading clearfix " style="line-height:70px;font-size:70px;">
		MANTENIENDO LAS<br />
TRADICIONES Y COSTUMBRES<br />
DE LA FAMILIA CAMPESINA
	</h1></div>[/vc_column_inner][vc_column_inner width=»1/2&#8243;]
	<div class="agrikole-spacer clearfix" data-desktop="15" data-mobi="15" data-smobi="15"></div>[vc_single_image image=»14628&#8243; img_size=»large»][/vc_column_inner][/vc_row_inner]
	<div class="agrikole-spacer clearfix" data-desktop="55" data-mobi="30" data-smobi="30"></div>[vc_row_inner equal_height=»yes»][vc_column_inner][vc_column_text]Red del Vino S.A., es una asociación privada de pequeños productores de vino en el Valle de Colchagua, Chile y se formó oficialmente en 2004 con un grupo de 19 productores.</p>
<p>La visión de Red del Vino es la promoción, difusión y preservación de sus tierras y frutos a través del apoyo y fomento de la participación activa de las familias campesinas que viven en el Valle de Colchagua.</p>
<p>La misión de Red del Vino es ofrecer productos de alta calidad en el mercado vitivinícola y al turista mediante el control y estandarización de los procesos productivos sin interrumpir las tradiciones y costumbres de las familias rurales del Valle de Colchagua.</p>
<p>En 2007, la asociación formó una alianza estratégica, con la empresa San Nicolás Wine y CORFO (programa de desarrollo de proveedores del gobierno) junto con el apoyo de Gestión Agrícola, lo que permitió a Red del Vino obtener la Certificación Flo Fair-Trade. Se convirtieron en la primera organización de asociación campesina certificada en la región.</p>
<p>Esto ha sido posible gracias al esfuerzo de todos, incluido su gerente de operaciones, Rodrigo Valenzuela y el presidente, Gerardo Orellana.[/vc_column_text]
	<div class="agrikole-spacer clearfix" data-desktop="55" data-mobi="30" data-smobi="30"></div>[/vc_column_inner][/vc_row_inner]
	<div class="agrikole-spacer clearfix" data-desktop="120" data-mobi="60" data-smobi="60"></div>[/vc_column][/vc_row][vc_row full_width=»stretch_row» css=».vc_custom_1602272332044{background-image: url(https://www.reddelvino.com/en/wp-content/uploads/2020/10/footer-shop-section.jpg?id=15081) !important;background-position: center !important;background-repeat: no-repeat !important;background-size: cover !important;}»][vc_column]
	<div class="agrikole-spacer clearfix" data-desktop="107" data-mobi="60" data-smobi="60"></div><div class="agrikole-headings clearfix text-center" data-font=50 data-mfont=30 style=""><h2 class="heading clearfix " style="color:#ffffff;max-width:860px;margin-left: auto; margin-right: auto;line-height:62px;margin-bottom:18px;font-size:50px;">
		APOYAR EL COMERCIO JUSTO Y LOS PRODUCTORES LOCALES
	</h2><div class="sub-heading clearfix">
		<h5><span style="color: #ffffff;">VISITA NUESTRA TIENDA DE VINOS EN SANTA CRUZ CHILE</span></h5>

	</div></div>
	<div class="agrikole-spacer clearfix" data-desktop="50" data-mobi="40" data-smobi="40"></div><div class="agrikole-align-box  mobi-align-center align-center"><div class="button-wrap icon-right" style="" ><a href="https://www.google.com/maps/place/Red+Del+Vino/@-34.6321819,-71.3587514,17.79z/data=!4m5!3m4!1s0x96646535527b4b79:0xa62645e95a50234c!8m2!3d-34.6324173!4d-71.3579788" target="_blank" class="agrikole-button btn-1089733727 medium no_icon accent custom" style="border-radius:5px;"  data-text="#404a3d" data-text-hover="#404a3d" data-background-hover="#ffffff">
		<span style="">Direcciones </span>
	</a></div></div>
	<div class="agrikole-spacer clearfix" data-desktop="120" data-mobi="60" data-smobi="60"></div>[/vc_column][/vc_row]</p>
</div>
