{"id":17077,"date":"2021-04-23T17:52:48","date_gmt":"2021-04-23T21:52:48","guid":{"rendered":"https:\/\/www.reddelvino.com\/es\/?post_type=product&#038;p=17077"},"modified":"2026-02-06T18:33:59","modified_gmt":"2026-02-06T21:33:59","slug":"la-pascuala-carmenere","status":"publish","type":"product","link":"https:\/\/www.reddelvino.com\/es\/vino-artesanal\/la-pascuala-carmenere\/","title":{"rendered":"LA PASCUALA CARMENERE"},"content":{"rendered":"","protected":false},"excerpt":{"rendered":"<p>Vino de color rojo granate intenso y profundo. En nariz se percibe el aj\u00ed verde, seguido de aj\u00ed rojo, piment\u00f3n rojo, fresco, maduro, morr\u00f3n, p\u00e1prika y aj\u00ed de color. En boca es un vino untuoso, con cuerpo, robusto, que resalta por su fruta roja, siempre fresca, jugosa, puro jugo de uva. Tambi\u00e9n aparece la fruta negra sobremadura, como una ciruela seca sin carozo. Posee los sabores del terru\u00f1o con final largo y persistente.<\/p>\n<p>Alcohol 13 % vol.<br \/>\nTemperatura de servicio 16\u00b0 a 18\u00b0<\/p>\n","protected":false},"featured_media":17241,"template":"","meta":[],"product_brand":[],"product_cat":[99],"product_tag":[],"class_list":{"0":"post-17077","1":"product","2":"type-product","3":"status-publish","4":"has-post-thumbnail","6":"product_cat-la-pascuala","8":"first","9":"instock","10":"shipping-taxable","11":"purchasable","12":"product-type-simple"},"yoast_head":"<!-- This site is optimized with the Yoast SEO plugin v25.6 - https:\/\/yoast.com\/wordpress\/plugins\/seo\/ -->\n<title>LA PASCUALA CARMENERE - ReddelVino<\/title>\n<meta name=\"robots\" content=\"index, follow, max-snippet:-1, max-image-preview:large, max-video-preview:-1\" \/>\n<link rel=\"canonical\" href=\"https:\/\/www.reddelvino.com\/es\/vino-artesanal\/la-pascuala-carmenere\/\" \/>\n<meta property=\"og:locale\" content=\"es_ES\" \/>\n<meta property=\"og:type\" content=\"article\" \/>\n<meta property=\"og:title\" content=\"LA PASCUALA CARMENERE - ReddelVino\" \/>\n<meta property=\"og:description\" content=\"Vino de color rojo granate intenso y profundo. En nariz se percibe el aj\u00ed verde, seguido de aj\u00ed rojo, piment\u00f3n rojo, fresco, maduro, morr\u00f3n, p\u00e1prika y aj\u00ed de color. En boca es un vino untuoso, con cuerpo, robusto, que resalta por su fruta roja, siempre fresca, jugosa, puro jugo de uva. Tambi\u00e9n aparece la fruta negra sobremadura, como una ciruela seca sin carozo. Posee los sabores del terru\u00f1o con final largo y persistente.  Alcohol 13 % vol. Temperatura de servicio 16\u00b0 a 18\u00b0\" \/>\n<meta property=\"og:url\" content=\"https:\/\/www.reddelvino.com\/es\/vino-artesanal\/la-pascuala-carmenere\/\" \/>\n<meta property=\"og:site_name\" content=\"ReddelVino\" \/>\n<meta property=\"article:modified_time\" content=\"2026-02-06T21:33:59+00:00\" \/>\n<meta property=\"og:image\" content=\"https:\/\/www.reddelvino.com\/es\/wp-content\/uploads\/2021\/04\/Carmenere-scaled.jpg\" \/>\n\t<meta property=\"og:image:width\" content=\"2221\" \/>\n\t<meta property=\"og:image:height\" content=\"2560\" \/>\n\t<meta property=\"og:image:type\" content=\"image\/jpeg\" \/>\n<meta name=\"twitter:card\" content=\"summary_large_image\" \/>\n<script type=\"application\/ld+json\" class=\"yoast-schema-graph\">{\"@context\":\"https:\/\/schema.org\",\"@graph\":[{\"@type\":\"WebPage\",\"@id\":\"https:\/\/www.reddelvino.com\/es\/vino-artesanal\/la-pascuala-carmenere\/\",\"url\":\"https:\/\/www.reddelvino.com\/es\/vino-artesanal\/la-pascuala-carmenere\/\",\"name\":\"LA PASCUALA CARMENERE - ReddelVino\",\"isPartOf\":{\"@id\":\"https:\/\/www.reddelvino.com\/es\/#website\"},\"primaryImageOfPage\":{\"@id\":\"https:\/\/www.reddelvino.com\/es\/vino-artesanal\/la-pascuala-carmenere\/#primaryimage\"},\"image\":{\"@id\":\"https:\/\/www.reddelvino.com\/es\/vino-artesanal\/la-pascuala-carmenere\/#primaryimage\"},\"thumbnailUrl\":\"https:\/\/www.reddelvino.com\/es\/wp-content\/uploads\/2021\/04\/Carmenere-scaled.jpg\",\"datePublished\":\"2021-04-23T21:52:48+00:00\",\"dateModified\":\"2026-02-06T21:33:59+00:00\",\"breadcrumb\":{\"@id\":\"https:\/\/www.reddelvino.com\/es\/vino-artesanal\/la-pascuala-carmenere\/#breadcrumb\"},\"inLanguage\":\"es\",\"potentialAction\":[{\"@type\":\"ReadAction\",\"target\":[\"https:\/\/www.reddelvino.com\/es\/vino-artesanal\/la-pascuala-carmenere\/\"]}]},{\"@type\":\"ImageObject\",\"inLanguage\":\"es\",\"@id\":\"https:\/\/www.reddelvino.com\/es\/vino-artesanal\/la-pascuala-carmenere\/#primaryimage\",\"url\":\"https:\/\/www.reddelvino.com\/es\/wp-content\/uploads\/2021\/04\/Carmenere-scaled.jpg\",\"contentUrl\":\"https:\/\/www.reddelvino.com\/es\/wp-content\/uploads\/2021\/04\/Carmenere-scaled.jpg\",\"width\":2221,\"height\":2560},{\"@type\":\"BreadcrumbList\",\"@id\":\"https:\/\/www.reddelvino.com\/es\/vino-artesanal\/la-pascuala-carmenere\/#breadcrumb\",\"itemListElement\":[{\"@type\":\"ListItem\",\"position\":1,\"name\":\"Home\",\"item\":\"https:\/\/www.reddelvino.com\/es\/\"},{\"@type\":\"ListItem\",\"position\":2,\"name\":\"Shop\",\"item\":\"https:\/\/www.reddelvino.com\/es\/shop\/\"},{\"@type\":\"ListItem\",\"position\":3,\"name\":\"LA PASCUALA CARMENERE\"}]},{\"@type\":\"WebSite\",\"@id\":\"https:\/\/www.reddelvino.com\/es\/#website\",\"url\":\"https:\/\/www.reddelvino.com\/es\/\",\"name\":\"ReddelVino\",\"description\":\"\",\"potentialAction\":[{\"@type\":\"SearchAction\",\"target\":{\"@type\":\"EntryPoint\",\"urlTemplate\":\"https:\/\/www.reddelvino.com\/es\/?s={search_term_string}\"},\"query-input\":{\"@type\":\"PropertyValueSpecification\",\"valueRequired\":true,\"valueName\":\"search_term_string\"}}],\"inLanguage\":\"es\"}]}<\/script>\n<!-- \/ Yoast SEO plugin. -->","yoast_head_json":{"title":"LA PASCUALA CARMENERE - ReddelVino","robots":{"index":"index","follow":"follow","max-snippet":"max-snippet:-1","max-image-preview":"max-image-preview:large","max-video-preview":"max-video-preview:-1"},"canonical":"https:\/\/www.reddelvino.com\/es\/vino-artesanal\/la-pascuala-carmenere\/","og_locale":"es_ES","og_type":"article","og_title":"LA PASCUALA CARMENERE - ReddelVino","og_description":"Vino de color rojo granate intenso y profundo. En nariz se percibe el aj\u00ed verde, seguido de aj\u00ed rojo, piment\u00f3n rojo, fresco, maduro, morr\u00f3n, p\u00e1prika y aj\u00ed de color. En boca es un vino untuoso, con cuerpo, robusto, que resalta por su fruta roja, siempre fresca, jugosa, puro jugo de uva. Tambi\u00e9n aparece la fruta negra sobremadura, como una ciruela seca sin carozo. Posee los sabores del terru\u00f1o con final largo y persistente.  Alcohol 13 % vol. Temperatura de servicio 16\u00b0 a 18\u00b0","og_url":"https:\/\/www.reddelvino.com\/es\/vino-artesanal\/la-pascuala-carmenere\/","og_site_name":"ReddelVino","article_modified_time":"2026-02-06T21:33:59+00:00","og_image":[{"width":2221,"height":2560,"url":"https:\/\/www.reddelvino.com\/es\/wp-content\/uploads\/2021\/04\/Carmenere-scaled.jpg","type":"image\/jpeg"}],"twitter_card":"summary_large_image","schema":{"@context":"https:\/\/schema.org","@graph":[{"@type":"WebPage","@id":"https:\/\/www.reddelvino.com\/es\/vino-artesanal\/la-pascuala-carmenere\/","url":"https:\/\/www.reddelvino.com\/es\/vino-artesanal\/la-pascuala-carmenere\/","name":"LA PASCUALA CARMENERE - ReddelVino","isPartOf":{"@id":"https:\/\/www.reddelvino.com\/es\/#website"},"primaryImageOfPage":{"@id":"https:\/\/www.reddelvino.com\/es\/vino-artesanal\/la-pascuala-carmenere\/#primaryimage"},"image":{"@id":"https:\/\/www.reddelvino.com\/es\/vino-artesanal\/la-pascuala-carmenere\/#primaryimage"},"thumbnailUrl":"https:\/\/www.reddelvino.com\/es\/wp-content\/uploads\/2021\/04\/Carmenere-scaled.jpg","datePublished":"2021-04-23T21:52:48+00:00","dateModified":"2026-02-06T21:33:59+00:00","breadcrumb":{"@id":"https:\/\/www.reddelvino.com\/es\/vino-artesanal\/la-pascuala-carmenere\/#breadcrumb"},"inLanguage":"es","potentialAction":[{"@type":"ReadAction","target":["https:\/\/www.reddelvino.com\/es\/vino-artesanal\/la-pascuala-carmenere\/"]}]},{"@type":"ImageObject","inLanguage":"es","@id":"https:\/\/www.reddelvino.com\/es\/vino-artesanal\/la-pascuala-carmenere\/#primaryimage","url":"https:\/\/www.reddelvino.com\/es\/wp-content\/uploads\/2021\/04\/Carmenere-scaled.jpg","contentUrl":"https:\/\/www.reddelvino.com\/es\/wp-content\/uploads\/2021\/04\/Carmenere-scaled.jpg","width":2221,"height":2560},{"@type":"BreadcrumbList","@id":"https:\/\/www.reddelvino.com\/es\/vino-artesanal\/la-pascuala-carmenere\/#breadcrumb","itemListElement":[{"@type":"ListItem","position":1,"name":"Home","item":"https:\/\/www.reddelvino.com\/es\/"},{"@type":"ListItem","position":2,"name":"Shop","item":"https:\/\/www.reddelvino.com\/es\/shop\/"},{"@type":"ListItem","position":3,"name":"LA PASCUALA CARMENERE"}]},{"@type":"WebSite","@id":"https:\/\/www.reddelvino.com\/es\/#website","url":"https:\/\/www.reddelvino.com\/es\/","name":"ReddelVino","description":"","potentialAction":[{"@type":"SearchAction","target":{"@type":"EntryPoint","urlTemplate":"https:\/\/www.reddelvino.com\/es\/?s={search_term_string}"},"query-input":{"@type":"PropertyValueSpecification","valueRequired":true,"valueName":"search_term_string"}}],"inLanguage":"es"}]}},"_links":{"self":[{"href":"https:\/\/www.reddelvino.com\/es\/wp-json\/wp\/v2\/product\/17077","targetHints":{"allow":["GET"]}}],"collection":[{"href":"https:\/\/www.reddelvino.com\/es\/wp-json\/wp\/v2\/product"}],"about":[{"href":"https:\/\/www.reddelvino.com\/es\/wp-json\/wp\/v2\/types\/product"}],"wp:featuredmedia":[{"embeddable":true,"href":"https:\/\/www.reddelvino.com\/es\/wp-json\/wp\/v2\/media\/17241"}],"wp:attachment":[{"href":"https:\/\/www.reddelvino.com\/es\/wp-json\/wp\/v2\/media?parent=17077"}],"wp:term":[{"taxonomy":"product_brand","embeddable":true,"href":"https:\/\/www.reddelvino.com\/es\/wp-json\/wp\/v2\/product_brand?post=17077"},{"taxonomy":"product_cat","embeddable":true,"href":"https:\/\/www.reddelvino.com\/es\/wp-json\/wp\/v2\/product_cat?post=17077"},{"taxonomy":"product_tag","embeddable":true,"href":"https:\/\/www.reddelvino.com\/es\/wp-json\/wp\/v2\/product_tag?post=17077"}],"curies":[{"name":"wp","href":"https:\/\/api.w.org\/{rel}","templated":true}]}}

<p>Vino de color rojo granate intenso y profundo. En nariz se percibe el ají verde, seguido de ají rojo, pimentón rojo, fresco, maduro, morrón, páprika y ají de color. En boca es un vino untuoso, con cuerpo, robusto, que resalta por su fruta roja, siempre fresca, jugosa, puro jugo de uva. También aparece la fruta negra sobremadura, como una ciruela seca sin carozo. Posee los sabores del terruño con final largo y persistente.</p>
<p>Alcohol 13 % vol.<br />
Temperatura de servicio 16° a 18°</p>

<!-- This site is optimized with the Yoast SEO plugin v25.6 - https://yoast.com/wordpress/plugins/seo/ -->
<title>LA PASCUALA CARMENERE - ReddelVino</title>
<meta name="robots" content="index, follow, max-snippet:-1, max-image-preview:large, max-video-preview:-1" />
<link rel="canonical" href="https://www.reddelvino.com/es/vino-artesanal/la-pascuala-carmenere/" />
<meta property="og:locale" content="es_ES" />
<meta property="og:type" content="article" />
<meta property="og:title" content="LA PASCUALA CARMENERE - ReddelVino" />
<meta property="og:description" content="Vino de color rojo granate intenso y profundo. En nariz se percibe el ají verde, seguido de ají rojo, pimentón rojo, fresco, maduro, morrón, páprika y ají de color. En boca es un vino untuoso, con cuerpo, robusto, que resalta por su fruta roja, siempre fresca, jugosa, puro jugo de uva. También aparece la fruta negra sobremadura, como una ciruela seca sin carozo. Posee los sabores del terruño con final largo y persistente.  Alcohol 13 % vol. Temperatura de servicio 16° a 18°" />
<meta property="og:url" content="https://www.reddelvino.com/es/vino-artesanal/la-pascuala-carmenere/" />
<meta property="og:site_name" content="ReddelVino" />
<meta property="article:modified_time" content="2026-02-06T21:33:59+00:00" />
<meta property="og:image" content="https://www.reddelvino.com/es/wp-content/uploads/2021/04/Carmenere-scaled.jpg" />
	<meta property="og:image:width" content="2221" />
	<meta property="og:image:height" content="2560" />
	<meta property="og:image:type" content="image/jpeg" />
<meta name="twitter:card" content="summary_large_image" />
<script type="application/ld+json" class="yoast-schema-graph">{"@context":"https://schema.org","@graph":[{"@type":"WebPage","@id":"https://www.reddelvino.com/es/vino-artesanal/la-pascuala-carmenere/","url":"https://www.reddelvino.com/es/vino-artesanal/la-pascuala-carmenere/","name":"LA PASCUALA CARMENERE - ReddelVino","isPartOf":{"@id":"https://www.reddelvino.com/es/#website"},"primaryImageOfPage":{"@id":"https://www.reddelvino.com/es/vino-artesanal/la-pascuala-carmenere/#primaryimage"},"image":{"@id":"https://www.reddelvino.com/es/vino-artesanal/la-pascuala-carmenere/#primaryimage"},"thumbnailUrl":"https://www.reddelvino.com/es/wp-content/uploads/2021/04/Carmenere-scaled.jpg","datePublished":"2021-04-23T21:52:48+00:00","dateModified":"2026-02-06T21:33:59+00:00","breadcrumb":{"@id":"https://www.reddelvino.com/es/vino-artesanal/la-pascuala-carmenere/#breadcrumb"},"inLanguage":"es","potentialAction":[{"@type":"ReadAction","target":["https://www.reddelvino.com/es/vino-artesanal/la-pascuala-carmenere/"]}]},{"@type":"ImageObject","inLanguage":"es","@id":"https://www.reddelvino.com/es/vino-artesanal/la-pascuala-carmenere/#primaryimage","url":"https://www.reddelvino.com/es/wp-content/uploads/2021/04/Carmenere-scaled.jpg","contentUrl":"https://www.reddelvino.com/es/wp-content/uploads/2021/04/Carmenere-scaled.jpg","width":2221,"height":2560},{"@type":"BreadcrumbList","@id":"https://www.reddelvino.com/es/vino-artesanal/la-pascuala-carmenere/#breadcrumb","itemListElement":[{"@type":"ListItem","position":1,"name":"Home","item":"https://www.reddelvino.com/es/"},{"@type":"ListItem","position":2,"name":"Shop","item":"https://www.reddelvino.com/es/shop/"},{"@type":"ListItem","position":3,"name":"LA PASCUALA CARMENERE"}]},{"@type":"WebSite","@id":"https://www.reddelvino.com/es/#website","url":"https://www.reddelvino.com/es/","name":"ReddelVino","description":"","potentialAction":[{"@type":"SearchAction","target":{"@type":"EntryPoint","urlTemplate":"https://www.reddelvino.com/es/?s={search_term_string}"},"query-input":{"@type":"PropertyValueSpecification","valueRequired":true,"valueName":"search_term_string"}}],"inLanguage":"es"}]}</script>
<!-- / Yoast SEO plugin. -->

Vino de color rojo granate intenso y profundo. En nariz se percibe el ají verde, seguido de ají rojo, pimentón rojo, fresco, maduro, morrón, páprika y ají de color. En boca es un vino untuoso, con cuerpo, robusto, que resalta por su fruta roja, siempre fresca, jugosa, puro jugo de uva. También aparece la fruta negra sobremadura, como una ciruela seca sin carozo. Posee los sabores del terruño con final largo y persistente.  Alcohol 13 % vol. Temperatura de servicio 16° a 18°
